r of g and a.
5
Let i = -78 - -44. Let h be (47/(-3)*2)/(i/51). Suppose -3*g - 2*z + 35 = 0, -3*g - 5*z = -0*g - h. What is the greatest common factor of g and 117?
9
Let m(u) = u**3 - 17*u**2 + 57*u + 96. Let x be m(12). What is the greatest common divisor of x and 75?
15
Let u = -353 + 363. Suppose u*r + 48 = 748. What is the greatest common factor of r and 15?
5
Suppose 4*j + 411*u = 413*u + 6454, 4*j = u + 6459. Calculate the greatest common divisor of j and 176.
16
Let x be (-35)/4 - 540/(-60) - 75798/(-8). What is the highest common factor of x and 25?
25
Let b = 3502 + -3325. Calculate the highest common divisor of 3 and b.
3
Let a be 6*180/160*(-160)/(-6). What is the greatest common factor of 95 and a?
5
Suppose -2*l - 100 = -4*y, -2*y - 5*l - 42 = -4*y. Let d = y - 33. Let x = 82 + d. What is the highest common factor of 15 and x?
15
Suppose 65*c = -19*c + 8568. Calculate the greatest common factor of c and 19482.
102
Suppose 0 = 3*l - 9, 3*o - 213 = 5*l - 8*l. What is the highest common factor of 391 and o?
17
Let x be (-12 - (-380412)/27) + (-10)/30. What is the greatest common factor of 7 and x?
7
Let t be (-2 + 264/16)*16. Let u = -104 + t. Calculate the highest common divisor of u and 224.
32
Let r be ((-9)/(-11))/1 + 4/22. Let z be (-30)/3 - r*-1. Let b be (-80)/(-3)*z/(-6). What is the highest common factor of 10 and b?
10
Let d be 0 - (-15 + 1)*4. Let b = d + -34. Suppose -2*n + 4943*s - 4945*s = -24, -n - 2*s = -22. Calculate the greatest common divisor of n and b.
2
Suppose 239 = -6*k + 9261 + 22454. What is the greatest common factor of 122 and k?
122
Let s = -41 - -86. Let y = 697 - 670. What is the highest common factor of y and s?
9
Suppose 0 = -3*z - 0*z + 264. Suppose -3*w - w = -z. Let p(t) = 26*t + 158. Let d be p(-6). What is the greatest common divisor of d and w?
2
Let r = 22 + -6. Suppose 207*o + 63119 = 10*o - 66*o + 153591. Calculate the highest common divisor of o and r.
8
Let d = -209 + 371. Suppose 4*q + 3*c = 36, 0 = -4*q - 4*c - 134 + 174. Calculate the highest common factor of d and q.
6
Suppose 0*j + j - 14 = -y, y = 5*j - 88. Suppose -4*n + 0*n = -748. What is the greatest common factor of n and j?
17
Suppose -19 = 4*b - 145 + 82. What is the highest common divisor of b and 5093?
11
Let c = 534 - 237. Let k(r) = r**3 - 7*r**2 + 8*r + 6. Let j be k(7). Suppose 6*f = j + 136. What is the greatest common factor of c and f?
33
Suppose -3*p + 124 = 3*t - 89, -4*t - p + 260 = 0. Calculate the greatest common divisor of t and 14490.
63
Suppose 3 = -3*p + 3. Suppose p = 134*w - 143*w + 36. Calculate the highest common factor of w and 68.
4
Let b be (-15322)/(-2119) - (-20)/26. Let m(y) = -y**2 + 11*y + 6. Let u be m(6). Calculate the greatest common divisor of u and b.
4
Let p be (-904)/(-1582) + (-426)/(-14). What is the highest common factor of p and 5177?
31
Suppose -3*d - 642 = -2*c, -4*d - 378 = -4*c + 910. What is the greatest common factor of 567 and c?
81
Suppose 16*p = 13*p + 33. Suppose -2*k + 5*d = 2*k - p, -5 = -5*d. Suppose 5*o = 5*h, -k*h = 4*o + h - 9. What is the greatest common factor of 2 and o?
1
Let g = -2442 + 3752. Calculate the highest common factor of 160 and g.
10
Let t be ((-45)/(-6) - 0) + 2/(-4). Suppose t = -3*o + 4. Let k = o - -43. What is the highest common divisor of k and 294?
42
Let u(p) = 16*p + 6. Let q(x) = -2 - 2 - x**2 + 10 + 4*x + 2. Let l be q(5). Let b be u(l). Calculate the greatest common factor of b and 36.
18
Let y be (-5 - 5 - -24)/(2/6). Calculate the highest common divisor of y and 602.
14
Let v be (-228)/(-152)*((-320)/50)/((-3)/10). What is the greatest common divisor of 1712 and v?
16
Suppose -136226 = 25*y - 138426. Calculate the highest common factor of 15048 and y.
88
Let q(a) = 122*a + 3834. Let o be q(-28). Calculate the greatest common divisor of o and 342.
38
Suppose 180 = 2*i + 3*i. Let r be 0 + 21 + (-3631365)/(-6993) - (-4)/(-14). What is the highest common factor of r and i?
36
Let o = 17038 - 17029. Calculate the greatest common divisor of 15507 and o.
9
Let w(g) = 521*g**2 - 5*g + 6. Let j be w(3). What is the greatest common factor of 90 and j?
90
Let f(d) = -9*d**3 - 134*d**2 - d + 58. Let s be f(-24). Calculate the highest common factor of 41 and s.
41
Suppose l + 97 = 5*h - 235, -320 = -5*h - 5*l. Calculate the highest common divisor of 2013 and h.
33
Suppose -6*t = -3*t + m - 38, 0 = -t - 4*m + 20. Suppose -14*f = -t*f - 32. Suppose 0 = 2*v - 30 + f. What is the greatest common factor of v and 28?
7
Suppose -1739 + 24099 = 20*k. What is the greatest common factor of k and 43?
43
Let c be 2/10 + 14586/195. Let x = 131 - c. Calculate the highest common factor of 140 and x.
28
Suppose 5*b + 2*r + 5 = 3*r, -5*r + 25 = 4*b. Suppose -2*q + b*q = 6, -a + 5*q + 30 = 0. What is the greatest common factor of 255 and a?
15
Let i(n) = 8*n**3 + 4*n + 22. Let l be i(4). Calculate the greatest common factor of 7040 and l.
110
Let k = -10830 + 10911. Suppose -15 = 5*r - 3*n - 2*n, 0 = -5*r + 4*n - 15. Let y be r/((-17)/(-9) - 2). Calculate the highest common divisor of k and y.
27
Let l(k) = -k + 5. Let s be l(-5). Let f(y) = y**2 - 1310*y + 18184. Let w be f(14). What is the greatest common factor of s and w?
10
Suppose -827*x - 21 = -830*x. Calculate the greatest common divisor of x and 2051.
7
Suppose -5*q + 21873 = 3*y - 10461, 0 = 5*q + 2*y - 32336. What is the highest common factor of 84 and q?
84
Suppose -3*n + 4*r + 26 = 0, r + 2 = -3*n + 33. Let s = n - 5. Suppose 0 = -s*k + k + 504. Calculate the greatest common factor of k and 42.
42
Suppose -759*s = -762*s - 3*o + 8340, -o + 13896 = 5*s. What is the greatest common divisor of s and 7?
7
Let o be 3 + 0/(-2) + 15/5. Let l be o/8 + 6/16*6. Suppose l*v - 360 = -2*v. Calculate the highest common divisor of 9 and v.
9
Let a(q) = q**3 - 10*q**2 + 39*q - 93. Let v be a(7). What is the highest common divisor of v and 9669?
33
Let w be (-2280)/21*203/(-58). Calculate the highest common divisor of 140 and w.
20
Let y be 5*5/((-10)/2). Let t be 2/y + (-2)/(-5). Suppose t = 4*v - 3*v - 14. Calculate the highest common divisor of 126 and v.
14
Let i(p) = 10*p + 25. Let v be i(5). Let o = v + -73. Suppose 2*t - 36 = -o*y - t, 4*y - 36 = 3*t. Calculate the greatest common divisor of y and 84.
12
Let d(u) = 89*u - 329. Let c be d(5). Calculate the greatest common factor of 551 and c.
29
Suppose -4*t + 0*t + t = 0. Suppose 2*a + 4*b = 24 + 56, 4*a + b - 146 = t. Suppose 11 - 3 = 2*d. Calculate the highest common divisor of a and d.
4
Suppose 0 = -5*d - f + 243145, 68*d - 66*d - 97235 = -5*f. What is the greatest common factor of d and 30?
30
Let h be 18/(-99) + 31/(-11). Let d be (h - -5)*(2 - (-3)/6). Suppose -d*o = -2*b + 28, -5*b + 4*o + 32 = -b. What is the highest common divisor of b and 14?
2
Let v be (8/(-20))/((-2)/20). Let x be -1 + 1521/15 - 90/225. What is the greatest common factor of v and x?
4
Suppose -41 + 29 = -3*b. Suppose -556 = -2*q + 4*h, 0 = 4*q - 7*q + 2*h + 830. Suppose -b*z = 2*z - q. Calculate the highest common divisor of z and 69.
23
Suppose -3*c - 377*p = -373*p - 5641, -3*p = 5*c - 9387. Calculate the highest common divisor of c and 300.
75
Let g be ((-4940)/19)/((-4)/320). Suppose g = -6*y + 31*y. Calculate the highest common factor of y and 8.
8
Let v = -319 + 315. Let r(a) = -40*a - 15. Let y be r(v). Calculate the greatest common factor of 5 and y.
5
Suppose -10 = -21*b + 557. Calculate the greatest common factor of b and 12.
3
Let f(k) = -3*k - 22. Let u be f(-9). Let o = -763 - -788. What is the highest common divisor of u and o?
5
Suppose -p + 18*o - 23*o + 69 = 0, -4*p - 5*o + 201 = 0. What is the greatest common factor of 86 and p?
2
Let m = -3763 + 4517. What is the greatest common factor of m and 58?
58
Let r be 29091/3 + (-5 - -8). Suppose r = -21*z + 36916. What is the highest common divisor of 16 and z?
16
Let k(g) = 3*g**2 + 62*g + 187. Let l(r) = -r**2 - 20*r - 62. Let c(u) = -3*k(u) - 8*l(u). Let s be c(-15). What is the highest common factor of s and 60?
20
Let n = 32 + -26. Let c be (10/(-5)*-2)/1. Suppose s - 52 = -c. Calculate the highest common factor of n and s.
6
Let i be (189/(-6))/(3*(-1)/(-30)). Let s = 319 + i. Calculate the greatest common divisor of